t b be l(-9). Suppose 4*p - 36 = 2*z, -2*p - z + b = -f*z. List the prime factors of p.
11
Let w(l) be the second derivative of l**3/2 - l**2/2 + 8*l. What are the prime factors of w(1)?
2
Suppose -u - u - 286 = -4*v, 0 = 3*v - u - 217. Let c = v - 43. What are the prime factors of c?
31
Suppose -5*r = -2*r - 5*n - 77, 3*r - 41 = -4*n. List the prime factors of r.
19
Let s be (-2)/(-12) - 78/36. What are the prime factors of s + (25 - 0) + 1?
2, 3
Suppose -2*j + 104 = 2*j. Suppose j = 3*u + 2. Suppose -2*i = u - 20. List the prime factors of i.
2, 3
Suppose -235 = 6*o - 11*o - 5*y, 0 = 4*y - 16. What are the prime factors of o?
43
Let a = 15 + -5. Suppose -6*o + a = -o. Suppose 3*c + 77 = 5*d + o*c, 0 = d - 5*c - 1. List the prime factors of d.
2
Let z = -162 + 279. List the prime factors of z.
3, 13
Suppose -4*d + 10 = -2*d. Let j(f) = 2*f**2 - 5*f + 3. What are the prime factors of j(d)?
2, 7
Let f = 16 + -16. Suppose -4*a + 66 + 42 = f. List the prime factors of a.
3
Let w(q) = -3*q - 13. What are the prime factors of w(-8)?
11
Let j = 1 - -3. Suppose 0 = -p + j, -2*s - 3*p = 3*s - 87. What are the prime factors of s?
3, 5
Let y be 2/(-9) - (-572)/(-18). List the prime factors of (-3 - 0)*1 - y.
29
List the prime factors of 60/40 - (-142)/4.
37
Let t be (-22 + 7)*2/6. List the prime factors of (1 + -3 - t) + 0.
3
Suppose 0 = -4*v - 5*r - 400, -4*v + r = 445 - 21. What are the prime factors of (2/3)/((-10)/v)?
7
Let g be (-2)/3*42/(-4). Let t(o) = o**3 - 8*o**2 + 8*o - 4. List the prime factors of t(g).
3
Suppose 0 = -3*t + 2*t. Suppose 2 = d - t*d. Suppose b + 4 = 3*b - 4*g, -g = -d*b + 16. What are the prime factors of b?
2, 5
Suppose 2*h = 6*h - 92. List the prime factors of h.
23
Suppose 5*u - 100 = 85. What are the prime factors of u?
37
Let u = 19 + -19. Suppose -3*c = b - 36, -b = -u*b + c - 40. List the prime factors of b.
2, 3, 7
Let k(x) = -x**2 - 16*x - 3. List the prime factors of k(-10).
3, 19
Let v be (-20)/8*(-10 + 2). Suppose 0*j = j - v. What are the prime factors of j?
2, 5
Suppose 0 = 2*p - 19 + 3. What are the prime factors of p?
2
Let n = 11 - 11. Let c(u) = 2*u**2 + u - 2*u**2 + 5 + u**2. What are the prime factors of c(n)?
5
Let j(p) = -p**3 - 5*p**2 + p - 2. Let y be j(-5). Let f = y + 9. Let c(h) = 7*h - 3. What are the prime factors of c(f)?
11
Let o = 6 + -1. Suppose 10 = -3*m - o*u, 5*m + 8 - 23 = -2*u. List the prime factors of m.
5
Suppose 6*t + 56 = 626. What are the prime factors of t?
5, 19
Let p(u) = 7*u**2 + 2*u - 36. List the prime factors of p(-5).
3, 43
Let q be 153/21 - 4/14. Let m(g) = -g + 3. Let b be m(q). Let o = b + 6. List the prime factors of o.
2
Suppose 5*z = 15, -2*f + 0*z - 5*z + 339 = 0. List the prime factors of f.
2, 3
Suppose -4*p + 193 = -3*m, -m + 35 = p - 15. List the prime factors of p.
7
Let c(o) = 3*o + 7. Let m be c(6). Let s = -15 + m. Let k(l) = 2*l - 10. What are the prime factors of k(s)?
2, 5
Suppose 0 = -4*g - 4*d - 64, 3*d + d = -2*g - 40. Suppose 0*r - 2*r = 38. Let y = g - r. List the prime factors of y.
7
Let s(t) be the second derivative of t**5/20 - 5*t**4/12 - 5*t**3/6 - 2*t**2 - 2*t. What are the prime factors of s(6)?
2
Let f = 11 + -3. Suppose -5*k - 30 = 4*b - 7*b, -4*k - b = 7. Let n = k + f. List the prime factors of n.
5
List the prime factors of (-2465)/(-10) + (-12)/(-8).
2, 31
Suppose 3*u = 44 - 8. Suppose -d - 4*d = 4*p - 29, u = -4*d. List the prime factors of p.
11
Let t = 274 + -136. List the prime factors of t.
2, 3, 23
Let m(h) = h. Let c be m(0). Suppose 5*f - s - 86 = 3*s, -f - 4*s - 2 = c. What are the prime factors of f?
2, 7
Let x = -11 - -21. Suppose 0 = 5*s - 5*m + x, 0*s - 7 = s - 2*m. List the prime factors of s.
3
Let k be (-1)/7 + 129/21. Suppose 5*t - 4 - k = 0. List the prime factors of t.
2
Let z(b) = 3*b + 2. Let j be z(4). Suppose 0 = 3*r + j - 44. What are the prime factors of r?
2, 5
Suppose 17 = 4*z - 7. Let i(b) be the third derivative of b**4/12 + b**3/3 + 23*b**2. List the prime factors of i(z).
2, 7
Suppose 0 = 2*i - 3*j - 352, -529 = -2*i - i + 5*j. What are the prime factors of i?
173
Suppose -224 = 2*x - 636. What are the prime factors of x?
2, 103
List the prime factors of (-6)/7*(-10 + -4).
2, 3
Let d = 42 - 16. What are the prime factors of d?
2, 13
Suppose 0 = 3*q + 5*c - 10, 0*q = 2*q - 3*c - 32. Let h(p) = 6 + 5 - 3 - 9*p + p**2 + 3. List the prime factors of h(q).
3, 7
Suppose -x + 38 = p + 2*x, 0 = -x + 3. Suppose -4*f + 11 = -3*r - p, 40 = 4*f - 2*r. List the prime factors of f.
2, 5
Let n be -4 + 3 + (1 - -1). List the prime factors of ((-1)/(-2))/(n/8).
2
Let l(r) = -2 + 3*r + 4*r - 4*r. What are the prime factors of l(2)?
2
Let s(j) = -2*j + 5. Suppose 4*c + 12 + 4 = 0. List the prime factors of s(c).
13
Let v = 8 - 16. What are the prime factors of -1 + 4 + (v - -8)?
3
Let a(o) = -2*o + 9. Suppose -z = -6 - 2. Let f be a(z). Let t(m) = -2*m - 2. What are the prime factors of t(f)?
2, 3
Let o(z) = 2*z**2 + z**3 - 1 + 0*z**3 - 2*z - 2*z. Let n be o(-3). What are the prime factors of (-1 - n)*2/(-2)?
3
List the prime factors of (-1)/((4/2)/(-180)).
2, 3, 5
What are the prime factors of (162/(-45))/(1/(-35))?
2, 3, 7
Let z(t) = 8*t**2 + 7*t + 6. List the prime factors of z(6).
2, 3, 7
Suppose -35 = -2*v + 5*x + 57, 4*v - 172 = 4*x. What are the prime factors of v?
41
Let a = 2 - -4. Suppose -m = -a - 2. What are the prime factors of m?
2
List the prime factors of (5 - -49)/((-6)/(-4)).
2, 3
Let k be 0/((-3)/(3/2)). Suppose 5*u = 15, 4*b + 4*u - 76 = -k*b. What are the prime factors of b?
2
Suppose 0 = -2*d - 0*d. Let y be 2 - 4 - (d - 17). List the prime factors of y/2*8/6.
2, 5
Suppose -j + 4 + 1 = 0. Let p(q) = -2*q**3 - 4*q**2 - 3. Let x be p(-3). Let l = x - j. List the prime factors of l.
2, 5
Let f(x) = -x**3 - 4*x**2 - 7*x - 4. Let a be f(-4). List the prime factors of a/3 + (1 - -1).
2, 5
Suppose 4*i = 0, 3*r + 3*i = r. Suppose r = 2*m - q - 71, 8*q = 3*q - 25. List the prime factors of m.
3, 11
Suppose 47 = -2*k + 213. What are the prime factors of k?
83
Let d(c) = c + 3. Let q be d(-3). Let i = q - -2. Suppose u + 4*o - 8 = i, -3*u = -4*o + 2. List the prime factors of u.
2
Let o = 1 + 3. Suppose 4*d = 4, -o*k + 50 = -k + 5*d. What are the prime factors of k?
3, 5
Suppose 5*n - 19 = -4*g + 2*g, -n = -4*g - 17. Suppose n*d - 1 = 4. List the prime factors of d/((-1)/(-2) + 0).
2
Let k(m) = m**3 + 7*m**2 - 7*m - 8. Let l be k(-6). Let c = -31 + l. List the prime factors of c.
3, 13
Let r = 7 - 2. Let j(y) = -y**3 + 4*y**2 + 6*y - 1. Let h be j(r). Suppose -h*c = -21 + 1. List the prime factors of c.
5
Let m = 18 + -8. Suppose -m*n + 16 = -6*n. What are the prime factors of n?
2
Suppose -4*j + 8 = -3*y - 5, -4*y + j - 13 = 0. Let w = y + 10. Let d = 14 + w. What are the prime factors of d?
3, 7
List the prime factors of ((-48)/(-20))/(-12) - 431/(-5).
2, 43
Let z be 45 - -2 - (-1 - -2). Let f = -32 + z. What are the prime factors of f?
2, 7
Suppose 2*u = 6*u - 16. Suppose 4*a - 3*q = -39, -2*a = -3*a - 2*q + u. Let c = 16 + a. What are the prime factors of c?
2, 5
Let b(x) = x**2 - 2. Let v be b(2). Let c(y) = 2*y**3 + y. List the prime factors of c(v).
2, 3
What are the prime factors of (4 - (-7)/(-2))*92?
2, 23
Suppose -64*r = -59*r - 160. List the prime factors of r.
2
Let g(z) = -z - 4. Let r(t) = -10*t - 45. Let f(j) = -45*g(j) + 4*r(j). Suppose -5*l - 1 = 2*d - 5*d, 5*l = -2*d + 9. List the prime factors of f(l).
5
Let m(o) = 1 - o + 0 - 4 + 0. Let n be m(-5). Suppose 4*l = -2*c + 6*c + 28, 10 = l - n*c. List the prime factors of l.
2
Let c(t) = -t**3 - 8*t**2 - 8*t - 2. Let x = 7 + -3. Suppose -5*q - x*w - 23 = 0, -3*w = -4*q - 0*w - 37. What are the prime factors of c(q)?
5
Suppose -3*z = -0*z - 3. List the prime factors of (0 - z)/(2/(-36)).
2, 3
Suppose -l = -3*l - 4*x - 16, l - 3*x = 17. Suppose -24 = -4*n + 2*k, -n + 5*k - 28 = -l*n. What are the prime factors of n?
2
Let m(j) = j**2 + 3. What are the prime factors of m(-5)?
2, 7
Suppose 3*y + 22 = -4*f + 4*y, 5*y = 2*f + 20. What are the prime factors of f/(5/(-21)) + 0?
3, 7
Suppose 0 = -s + 100 + 65. Let q be (8/(-10))/((-6)/s). Suppose -5*p + q = 2. What are the prime factors of p?
2
Suppose 0 = -2*k - 0*k. Let u = 13 - k. List the prime fact